577*d + 2859. Give a(-57).
9
Let w(k) = -32524*k + 65053. What is w(2)?
5
Let k(d) = 2*d**3 + 287*d**2 - 158*d - 1421. Calculate k(-144).
595
Let t(y) = -122427*y - 979419. Calculate t(-8).
-3
Let x(b) = 238145*b - 28815547. Give x(121).
-2
Let j(r) = -221*r - 109259. Calculate j(-497).
578
Let o(j) = 2*j**2 + 1969*j + 96952. Determine o(-52).
-28
Let w(l) = 140*l - 3182. Calculate w(27).
598
Let d(x) = -8*x**3 + 822*x**2 + 176*x + 3085. What is d(103)?
-5
Let f(k) = 801*k**2 - 6402*k - 34. What is f(8)?
14
Let c(h) = 93*h**2 - 7627*h - 8. What is c(82)?
-90
Let t(p) = -374*p - 17121. Give t(-42).
-1413
Let v(c) = c**3 - 41*c**2 + 412*c - 284. Give v(25).
16
Let q(z) = -z**2 - 4350*z - 253168. What is q(-59)?
1
Let u(n) = -n**3 + 94*n**2 - 989*n + 66. What is u(82)?
-344
Let v(l) = 278*l - 57392. Determine v(181).
-7074
Let v(w) = 39*w**3 - 123*w**2 - 54*w + 320. What is v(5)?
1850
Let i(y) = -1916255*y - 5748768. Determine i(-3).
-3
Let p(m) = m**3 + 7*m**2 + 23*m + 304. Calculate p(-8).
56
Let b(q) = -q**3 - 92*q**2 + 185*q + 465. Determine b(-94).
747
Let s(b) = 7*b**2 - 519*b + 4648. Give s(10).
158
Let l(u) = 7987*u - 439277. What is l(55)?
8
Let d(v) = v**2 + 96*v - 3172. Determine d(-111).
-1507
Let a(g) = -7115*g**2 + 163645*g + 5. Determine a(23).
5
Let a(r) = 7380*r + 863520. Give a(-117).
60
Let t(g) = 141*g**2 - 2817*g + 7. Give t(20).
67
Let q(v) = 21718*v + 108724. Calculate q(-5).
134
Let i(x) = -1616*x - 12919. Determine i(-8).
9
Let x(s) = s**3 - 101*s**2 - 769*s + 1427. Give x(108).
23
Let v(k) = k**2 - 446*k - 189394. Calculate v(712).
-2
Let v(u) = -285*u + 4794. Give v(17).
-51
Let y(q) = 14*q**2 + 438*q + 1278. What is y(-28)?
-10
Let c(x) = -30*x**3 + 331*x**2 - 52*x + 454. Calculate c(11).
3
Let a(h) = 624*h**2 + 13102*h - 56. Determine a(-21).
-14
Let r(k) = -2768*k - 2819. What is r(-1)?
-51
Let p(y) = y**3 - 99*y**2 + 343*y - 14487. Give p(97).
-34
Let w(c) = -c**3 - 149*c**2 + 1115*c + 3631. Calculate w(-156).
43
Let y(z) = -71*z**2 - 2909*z - 88. Calculate y(-41).
-170
Let u(p) = -1886*p + 109286. Determine u(57).
1784
Let m(y) = -y**2 - 23*y + 634. Calculate m(-26).
556
Let l(i) = 2*i**2 - 69*i - 210. Determine l(-7).
371
Let g(y) = -13*y**3 - 6*y**2 + 178*y + 176. What is g(-1)?
5
Let k(j) = 33*j**3 - 3*j**2 + 224*j + 1086. Calculate k(-5).
-4234
Let s(k) = -25026*k - 200206. Give s(-8).
2
Let a(r) = 2*r**3 - 13*r**2 - 1194*r + 1320. Determine a(-22).
0
Let a(w) = -6*w**3 - 43*w**2 + 677*w + 4144. What is a(-6)?
-170
Let v(p) = -26*p**3 - 6*p**2 - 72*p - 286. Give v(-4).
1570
Let a(j) = -3*j**2 - 42464*j - 297187. Give a(-7).
-86
Let u(d) = 1401*d**2 + 56071*d + 1262. Determine u(-40).
22
Let w(o) = 7*o**2 + 884*o - 1634. Calculate w(-128).
-98
Let x(f) = f**3 + 90*f**2 + 110*f + 1137. Determine x(-89).
-732
Let q(p) = -10367*p + 208590. Calculate q(20).
1250
Let x(r) = 460295*r - 1841167. Give x(4).
13
Let t(n) = -2*n**3 + 34*n**2 - 958*n + 4855. Determine t(6).
-101
Let y(a) = -16*a**2 + 1533*a - 3045. Give y(2).
-43
Let u(m) = -156*m**3 + 50*m**2 - 88*m + 1. What is u(2)?
-1223
Let u(t) = 2980*t - 268262. Give u(90).
-62
Let m(z) = -2754*z - 3336. What is m(-1)?
-582
Let f(d) = 4*d**3 + 18*d**2 + 133*d + 162. Determine f(-4).
-338
Let y(i) = -49737*i - 99472. Determine y(-2).
2
Let a(u) = 3*u**3 - 205*u**2 + 1020*u - 710. Determine a(63).
46
Let f(i) = i**2 + 115*i - 10875. What is f(-173)?
-841
Let v(l) = -17118*l - 170937. Determine v(-10).
243
Let b(t) = 99*t**2 + 1262*t - 3310. Give b(-15).
35
Let u(t) = t**2 - 29*t - 1587. Calculate u(0).
-1587
Let o(a) = -4*a**2 - 250*a - 731. Determine o(-60).
-131
Let w(x) = -10165*x**2 + 152472*x + 39. What is w(15)?
-6
Let u(q) = q**3 + 2*q**2 - 390*q + 23. What is u(19)?
194
Let o(z) = -3288*z + 19717. Give o(6).
-11
Let b(g) = -39055*g - 24214093. What is b(-620)?
7
Let g(c) = -c**3 - 108*c**2 - 3034*c - 15562. Give g(-65).
-27
Let h(r) = r**3 - 169*r**2 + 840*r - 91. What is h(5)?
9
Let a(x) = 42591*x - 979547. Determine a(23).
46
Let z(a) = -448*a + 74588. Calculate z(162).
2012
Let c(s) = -9901*s - 475244. Give c(-48).
4
Let x(p) = -658*p**3 - 162*p**2 + 158*p + 3. What is x(1)?
-659
Let g(d) = 4768*d - 886846. What is g(186)?
2
Let l(a) = -2*a**3 + 257*a**2 + 125*a + 474. Give l(129).
-42
Let b(m) = -3*m**3 - 20*m**2 + 93*m + 811. What is b(-6)?
181
Let p(s) = -4*s**2 + 1121*s + 2405. Give p(282).
431
Let k(x) = 145297*x + 580947. Calculate k(-4).
-241
Let a(p) = p**3 - 18*p**2 - 396*p + 5534. Calculate a(25).
9
Let d(z) = z**3 - 523*z**2 - 2128*z + 10567. Calculate d(527).
27
Let f(r) = -954*r + 78901. Determine f(81).
1627
Let t(b) = b**2 + 43720*b + 1223323. Determine t(-28).
-53
Let i(z) = -585*z**2 + 250379*z + 415. Determine i(428).
-13
Let q(r) = r**3 - r**2 - 87*r + 7. Give q(11).
260
Let a(r) = -21*r**2 + 185*r + 2115. Determine a(-15).
-5385
Let h(n) = 7099*n - 134890. Calculate h(19).
-9
Let m(j) = -159*j - 26511. Give m(-167).
42
Let a(r) = r**3 + 35*r**2 + 226*r - 116. What is a(-26)?
92
Let r(s) = 2378*s**2 + 156962*s + 923. What is r(-66)?
-1
Let w(k) = 5244799*k - 47203184. What is w(9)?
7
Let w(s) = -6790*s - 163106. Calculate w(-24).
-146
Let x(s) = 17519*s - 175053. What is x(10)?
137
Let b(z) = z**3 + 309*z**2 + 618*z + 1165. Give b(-307).
-63
Let c(n) = -3*n**3 + 403*n**2 + 83*n - 29077. Give c(134).
1
Let z(n) = n**3 + 215*n**2 - 928*n - 288397. What is z(-213)?
5
Let m(c) = 3632*c - 9707. What is m(3)?
1189
Let p(i) = i**3 - 210*i**2 + 1171*i + 10809. Give p(204).
-3
Let u(v) = v**3 + 128*v**2 - 94*v - 11252. What is u(-128)?
780
Let k(a) = -a**3 - 73*a**2 - 484*a + 8. Calculate k(-9).
-820
Let l(g) = 121*g - 2059. Determine l(19).
240
Let n(l) = l**3 + 14*l**2 - 164*l - 78. Determine n(-20).
802
Let c(u) = -2*u**3 + 55*u**2 - 129*u + 1322. Calculate c(26).
-4
Let z(g) = g**3 + 89*g**2 + 167*g - 639. Determine z(-87).
-30
Let y(d) = 9783*d - 195938. Give y(20).
-278
Let l(b) = -9*b**3 + 262*b**2 - 47*b + 537. Give l(29).
15
Let k(s) = -9109*s + 118662. Give k(13).
245
Let w(i) = -63*i**2 + 89*i + 596. What is w(-6)?
-2206
Let w(c) = 5*c**3 - 39*c**2 - 64*c + 512. Give w(6).
-196
Let g(j) = -5*j**2 - 46710*j + 280437. Calculate g(6).
-3
Let t(k) = -4*k**3 - 40*k**2 + 50*k + 628. Calculate t(-9).
-146
Let w(f) = 244*f + 2324. What is w(-8)?
372
Let w(a) = 12*a**2 + 73*a + 1039. Give w(-24).
6199
Let z(g) = 315*g**3 - 10*g**2 + 55*g + 61. Determine z(-1).
-319
Let p(x) = 18*x**3 + 291*x**2 + 28*x - 319. Determine p(-16).
1
Let y(l) = 61*l**2 + 5542*l - 504. Give y(-91).
315
Let v(w) = -w**3 + 312*w**2 + 1552*w - 484211. Calculate v(312).
13
Let a(z) = 2152*z - 1441842. Determine a(670).
-2
Let g(d) = -3323*d - 29936. What is g(-9)?
-29
Let s(g) = g**3 - 4*g**2 + 139*g + 940. Give s(-5).
20
Let h(l) = -85*l**2 - 14281*l - 823. Give h(-168).
-655
Let i(a) = 64992*a - 2599686. Determine i(40).
-6
Let f(q) = 37*q**2 - 1100*q + 106. What is f(28)?
-1686
Let w(y) = 116*y + 4000. What is w(-41)?
-756
Let u(q) = 6286*q + 2369785. Determine u(-377).
-37
Let w(d) = -5123*d - 66562. Calculate w(-13).
37
Let q(c) = -7*c**3 + 125*c**2 - 1874*c - 1999. Determine q(-1).
7
Let n(a) = 2*a**2 - 877*a + 3499. Determine n(4).
23
Let q(o) = 222666*o - 445340. Give q(2).
-8
Let u(g) = -82138*g - 1232074. Determine u(-15).
-4
Let i(p) = -2*p**2 - 448*p - 25064. Determine i(-116).
-8
Let v(r) = r**2 - 2187*r + 13223. Give v(6).
137
Let q(a) = -3*a**3 - 43*a**2 + 12*a - 301. Calculate q(-16).
787
Let a(k) = -1805*k - 147764. Calculate a(-82).
246
Let s(h) = -h**3 + 13*h**2 + 653*h + 347. Calculate s(33).
116
Let r(i) = 63*i**2 - 4989*i + 889. Determine r(79).
-59
Let o(m) = m**3 + 226*m**2 + 12723*m + 375. Calculate o(-120).
15
Let g(r) = 2172*r - 1079474. Determine g(497).
10
Let j(m) = m**3 - 202*m**2 - 30551*m + 5263. Give j(-101).
11
Let q(m) = -m**3 + 10*m**2 - 159*m + 1716. What is q(12)?
-480
Let f(u) = 2833209*u - 22665674. Determine f(8).
-2
Let a(z) = -2*z**2 - 117*z - 795. Give a(-12).
321
Let m(s) = 581*s - 6256. Give m(10).
-446
Let m(y) = -2*y**3 - 105*y**2 + 130*y - 1267. Give m(-54).
461
Let l(q) = -4609*q + 245574. Determine l(53).
1297
Let d(v) = 2*v**2 + 517*v + 21789. Calculate d(-53).
6
Let u(f) = -400*f + 60421. Calculate u(154).
-1179
Let